u + 29, 3*u - 5*v = -3. Calculate the remainder when u - (-52)/4 - 1 is divided by 6.
4
Let o = -533 + 536. What is the remainder when o is divided by (3/(-1))/((-6)/4)?
1
Suppose 9 + 3 = -4*o. What is the remainder when 33 is divided by (18/5)/(o/(-10))?
9
Let p(f) = 83*f - 41*f - 35*f + 52. What is the remainder when 10 is divided by p(-7)?
1
Suppose -54*j + 190 = -44*j. What is the remainder when 95 is divided by j?
0
Let h = -1695 - -1764. Calculate the remainder when h is divided by 3.
0
Suppose 0 = -0*y - 4*y + 4, 4 = t - 2*y. Let k(d) = 2*d**2 + 48*d + 51. Calculate the remainder when k(-23) is divided by 4/t + 10/3.
1
Let k = 32 - 17. Let n = k - 6. Calculate the remainder when 26 is divided by n.
8
Suppose 2*o - 4*p = 14, -o + 0*p - 4*p + 1 = 0. Suppose x = 3*x - 228. What is the remainder when x/9 + 2/6 is divided by o?
3
Let b(m) be the first derivative of m**3/3 - m**2/2 - 9*m - 22. Suppose 2*s - s = 96. Calculate the remainder when s is divided by b(-6).
30
Let h = 285 + -252. Calculate the remainder when h is divided by 4.
1
Let t be 132/(-60) - (-1)/5. Calculate the remainder when 4741/143 - t/(-13) is divided by 9.
6
Suppose 7*h - 6*h - 4*i - 259 = 0, 0 = 4*h + i - 1104. Calculate the remainder when h is divided by 70.
65
Let s(t) = 81*t**3 - t**2 + 4*t - 3. Suppose -z + 28 = -0. What is the remainder when s(1) is divided by z?
25
Calculate the remainder when -2 - 1316/(-70)*(0 - -15) is divided by 88.
16
Let o = -3 - -23. Let n = 54 + -51. Calculate the remainder when n/(-5) + (-534)/(-15) is divided by o.
15
Let l be (-4 - 12/(-2))*(-4 - -2). Let g(h) = -2*h**3 - 4*h**2 - 3*h - 5. Calculate the remainder when g(l) is divided by 20.
11
Suppose -3*j = -f - 222, 3*j + 2*f = -0*f + 231. Calculate the remainder when 205 is divided by j.
55
Calculate the remainder when 50 is divided by (-219)/(-292) + (-130)/(-8).
16
Suppose 0 = -3*u + 5*m + 11363, 61*m = 4*u + 57*m - 15140. Calculate the remainder when u is divided by 122.
121
What is the remainder when 141 + (-21 + 12 - -2) is divided by 33?
2
Suppose 205 = -69*b + 74*b. What is the remainder when 134 is divided by b?
11
Let d = 112 - 67. Let y = d - 37. Calculate the remainder when 9 is divided by y.
1
Suppose -2*l + 7*l = -2*b + 300, -5*b = -25. Let v(y) = -y**3 + 10*y**2 - 8*y + 11. What is the remainder when l is divided by v(9)?
18
Let b(z) = z**3 - 10*z**2 + 12*z - 12. Let x be b(9). Let o = x - -6. What is the remainder when 71 is divided by 5/(15/9) + o?
23
Suppose 4*l + 94 = 3*s, -4*s - l - 4 + 104 = 0. What is the remainder when s is divided by 1?
0
Let q(d) = -d**3 - 23*d**2 - 40*d + 64. What is the remainder when 218 is divided by q(-21)?
20
Let n = 972 + -948. Suppose 3*j = -2*j + 470. Calculate the remainder when j is divided by n.
22
Suppose 4*c = -3*w + 552, 0*c + c - 368 = -2*w. Suppose -w = -4*l - q, 2*q = -4*l + 4*q + 196. Calculate the remainder when l is divided by 16.
15
Suppose 0 = 22*w - 48*w + 780. Suppose -i = -2*i + 4*q + 183, 3*i - 4*q - 573 = 0. Suppose 161 = 4*t - i. What is the remainder when t is divided by w?
29
Suppose u = n - 148, -4*n - 592 = -8*n + 2*u. Calculate the remainder when n is divided by 61.
26
Calculate the remainder when 318 is divided by ((-26)/(-5) + -2)*(9 + -4).
14
Calculate the remainder when 219 is divided by 26 + (-77)/11 + -6.
11
Let j = 652 + -345. What is the remainder when j is divided by 77?
76
Let k be (-1 - -24)/(1/2). Suppose 4*h = 2*h + k. Let w(q) = 2*q**2 + 28*q - 51. Calculate the remainder when h is divided by w(2).
10
Suppose 2*h + 4 = 4*h. Let m(g) = 5 + 3 + 0 - 7 + 2*g. What is the remainder when 23 is divided by m(h)?
3
Suppose -2*f = -3*f. Suppose -3*v + 6 + 6 = f, 3*r = v + 38. Suppose 37 = a - r. What is the remainder when a is divided by 18?
15
Suppose -7 = -2*i - 3. Suppose -5*f = 3*l - 27, i*l = -3*l - 5. What is the remainder when 22 is divided by f?
4
Suppose l - 2*u = 5*l + 570, 5*u + 265 = -2*l. Let t = l + 156. What is the remainder when 62 is divided by t?
7
Let v(f) = -f**2 + 23. Let j(d) = -1. Let x(n) = -3*j(n) + v(n). Suppose -2*l = -9 - 9. What is the remainder when x(0) is divided by l?
8
Suppose -6*m = -2*g - m + 143, -204 = -3*g - 3*m. Calculate the remainder when g is divided by 12.
9
Let b(q) = 2*q**3 - 2*q**2 - 27*q + 92. What is the remainder when 136 is divided by b(3)?
42
Suppose -12 = s - 5*s. Suppose 0 = 5*y, -s*v + 2*y = -94 - 2. What is the remainder when v is divided by 11?
10
Let a(d) = 10*d - 18. What is the remainder when 553 is divided by a(8)?
57
Let u be (10/(-30))/((-2)/(-66)). Let v = u + 15. Suppose -g - 4*h + h + 2 = 0, -3*h = -v*g + 38. What is the remainder when 23 is divided by g?
7
Suppose 5*d - 3*x = 2*x + 325, 2*d - 4*x - 132 = 0. Suppose 3*f + 920 = 959. What is the remainder when d is divided by f?
12
What is the remainder when 167 is divided by (8 + (-114)/36 + -5)*-102?
14
Let q = 13 - -2. What is the remainder when 34/170 - ((-558)/10 - 0) is divided by q?
11
Let s = -87 + 84. Calculate the remainder when 102 is divided by (8/s)/8*(-156)/2.
24
Suppose 6*d - 4*d = 112. Let m = -33 + d. What is the remainder when 88 is divided by m?
19
Let q(y) = y**2 - 5*y + 3. Suppose -3*w + 27 = -0*w. Calculate the remainder when q(w) is divided by -10*(2 + -3)/1.
9
Let m be (-1)/(-4) - 833/(-28). What is the remainder when 118 is divided by m + 0*(-3)/6?
28
Let x(s) = -s**2 - 10*s + 9. Let p be (75/(-9) - -3)*9/6. Calculate the remainder when x(p) is divided by 13.
12
Suppose 7*z - 2*z + 2 = 2*n, 2*z = n - 1. Suppose z = 5*k - 49 - 66. What is the remainder when k is divided by 13?
10
Suppose -g + 120 = 4*m, g + m - 152 = 5*m. What is the remainder when g is divided by 26?
6
Suppose 0 = -3*a - 4*c + 29, -4*a + 0*c + 22 = 2*c. Suppose -25 = -m - a*g, -m + 60 = m + g. What is the remainder when m is divided by 8?
7
Let b = -55 + 62. Let p = 20 - b. What is the remainder when 64 is divided by p?
12
What is the remainder when (-8)/(-10) + (-25344)/(-495) is divided by 37?
15
Let z(d) = d**2 + 4*d - 23. Calculate the remainder when z(-9) is divided by 6.
4
What is the remainder when 18 is divided by 18*(-6)/(-9) - 0?
6
Let z = 19 - 14. Suppose -z*n = -88 - 27. Calculate the remainder when n is divided by 12.
11
Let b(x) = x**2 - 5*x - 206. What is the remainder when 223 is divided by b(18)?
27
Let m = 741 + -676. What is the remainder when m is divided by 11?
10
Suppose 145 = 2*f - 5*g - 0*g, 147 = 2*f - 3*g. What is the remainder when f is divided by 21?
12
Calculate the remainder when 606 is divided by (-12)/((-525)/1428 + (-1)/(-4)).
96
Let g = -19 - -27. Suppose g*v - 5*v = 189. Calculate the remainder when v is divided by 11.
8
Suppose 3*t - 14 = 16. Let l = -36 - -59. What is the remainder when l is divided by t?
3
Suppose 3*g = -4*r - 2 + 39, -r = 3*g - 25. Calculate the remainder when 13 is divided by g.
6
Let x be 5*4*3/12. Let v be (-4)/x - (-44)/(-20). What is the remainder when (6/(-4))/(v/68) is divided by 7?
6
Let l(z) = z**3 - 29*z**2 + 41*z - 147. Calculate the remainder when l(28) is divided by 14.
7
Let l = 1917 + -1844. Let q = 52 + -32. What is the remainder when l is divided by q?
13
Let j = 1647 - 1540. Suppose z = -2 + 1, 52 = 2*n + 2*z. Calculate the remainder when j is divided by n.
26
Suppose -3*a + 30 = 7*b - 10*b, -32 = -2*a - 2*b. What is the remainder when 16 is divided by a?
3
Suppose 5*z - 7*z - 5*u + 653 = 0, 0 = -3*z - 2*u + 963. What is the remainder when z is divided by 77?
11
Suppose v - 66 = 5*p + 17, 0 = -4*v + 5*p + 302. Let g = 46 - 21. Calculate the remainder when v is divided by g.
23
Let g = -10 + 21. Suppose -q + 2*y + g = 0, -y + 1 = q + 2. Suppose 0 = -0*u - q*u + 3*a + 90, 39 = u - 4*a. What is the remainder when u is divided by 14?
13
Let s(a) = a**2 - 7*a + 8. Let q(k) = k**3 + 12*k**2 + 7. Let z be q(-12). Let g be s(z). Let x = 16 + g. Calculate the remainder when 94 is divided by x.
22
Let p = -3 - 0. Let q(v) = 2*v + 19. What is the remainder when q(-6) is divided by (-39)/(-9) - p/(-9)?
3
What is the remainder when (6/8)/(3*(-2)/(-304)) is divided by 30?
8
Let u(c) = -14*c - 35. Calculate the remainder when u(-5) is divided by 20.
15
Let l(u) = u**3 - 15*u**2 - 12*u - 5. Suppose 3*z = 2*z - 5*s + 41, -2*z + 5*s + 7 = 